-6)?
30
Let i(y) = 2*y**2 - 35*y - 10. Give i(18).
8
Let w(b) = 15*b + 184. What is w(-11)?
19
Let b(a) = a**3 + 33*a**2 + 132*a - 229. What is b(-28)?
-5
Let h(v) = -v**2 + 162*v - 2470. Determine h(17).
-5
Let k(o) = 189*o + 3042. What is k(-16)?
18
Let r(q) = q**3 + 12*q**2 + 2*q - 69. What is r(-11)?
30
Let z(d) = -5*d**3 + 45*d**2 - 37*d - 24. What is z(8)?
0
Let d(z) = -13*z**2 - 257*z + 52. What is d(-20)?
-8
Let b(s) = -3*s**3 - 31*s**2 - 43*s - 395. Determine b(-10).
-65
Let j(l) = -3*l**3 + 94*l**2 + 65*l - 30. Calculate j(32).
2
Let t(d) = -d**3 - 8*d**2 + 4*d - 3. Determine t(-7).
-80
Let r(q) = 303*q - 1199. Give r(4).
13
Let i(v) = -61*v**2 + 1219*v + 46. What is i(20)?
26
Let h(y) = y**3 - 23*y**2 - 72*y + 495. Give h(25).
-55
Let y(c) = c**3 + 11*c**2 - 14*c - 31. Determine y(-11).
123
Let m(k) = -47*k + 2777. Determine m(60).
-43
Let w(a) = 2*a**2 - 19*a - 264. What is w(-8)?
16
Let f(m) = 8*m - 128. What is f(14)?
-16
Let b(k) = -28*k**2 + 442*k + 94. Give b(16).
-2
Let o(y) = -2*y**3 - 39*y**2 + 7*y + 22. Calculate o(-19).
-472
Let i(n) = -2*n**3 + 4*n**2 + 16*n - 43. Determine i(5).
-113
Let m(a) = -106*a - 1902. Determine m(-18).
6
Let h(r) = -2*r**2 - 69*r + 654. Give h(8).
-26
Let d(t) = -46*t + 71. Calculate d(2).
-21
Let f(k) = -k**3 - 7*k**2 - 19*k - 64. Calculate f(-5).
-19
Let h(x) = -55*x**2 + 12*x - 1. Give h(-1).
-68
Let k(f) = -f**3 + 6*f**2 + 6*f - 7. What is k(7)?
-14
Let z(n) = -n**2 + 22*n + 155. Determine z(20).
195
Let p(w) = -15*w + 30. Determine p(-18).
300
Let x(w) = -493*w + 2435. Determine x(5).
-30
Let l(g) = 2*g**3 - 100*g**2 - 105*g + 166. What is l(51)?
13
Let c(o) = -o**2 - 102*o - 1966. Give c(-76).
10
Let v(g) = -2136*g - 14954. Calculate v(-7).
-2
Let h(j) = j**2 - 79*j + 771. Determine h(11).
23
Let n(w) = -375*w + 1794. What is n(5)?
-81
Let q(l) = l**3 - 15*l**2 + 2*l - 29. What is q(15)?
1
Let u(g) = g**3 + 126*g**2 + 496*g + 981. Calculate u(-122).
5
Let m(g) = -g**3 - 16*g**2 - 48*g - 11. What is m(-11)?
-88
Let s(g) = -25*g**2 + 656*g + 1227. Give s(28).
-5
Let l(q) = -3991*q + 24157. What is l(6)?
211
Let l(z) = -429*z - 4213. Determine l(-10).
77
Let m(y) = -y**2 - 35*y - 251. Give m(-7).
-55
Let w(x) = x**3 + 15*x**2 + 16*x - 79. Give w(-13).
51
Let o(u) = -13*u**2 + 9*u - 16. Calculate o(2).
-50
Let i(l) = l**2 + 4*l - 22. Give i(17).
335
Let h(q) = 898*q + 42214. Calculate h(-47).
8
Let l(i) = -i**3 + 19*i**2 - 79*i + 99. Give l(7).
134
Let f(w) = w**2 + 21*w + 10. What is f(-19)?
-28
Let t(n) = -n**2 - 35*n - 273. Determine t(-20).
27
Let o(s) = -122*s**3 + 3293*s**2 + 31*s - 101. Calculate o(27).
7
Let g(w) = -376*w + 3480. Determine g(9).
96
Let q(d) = -4*d**3 - 113*d**2 - 16*d + 333. Give q(-28).
-3
Let r(x) = 2*x**3 - 31*x**2 + 125*x - 62. What is r(9)?
10
Let a(w) = 3*w**2 + 54*w + 45. Give a(-16).
-51
Let w(f) = 2*f**3 + 38*f**2 + 115*f + 2. Determine w(-4).
22
Let l(r) = -2*r**3 + 63*r**2 + 245*r + 33. Calculate l(35).
33
Let w(p) = -p**2 - 30*p - 101. Give w(-26).
3
Let j(i) = 3*i**2 + 94*i + 354. Give j(-27).
3
Let i(x) = 462*x + 2807. Determine i(-6).
35
Let q(f) = 31*f**2 + 560*f + 2. Determine q(-18).
-34
Let n(g) = g**3 - g**2 - 16*g - 10. Determine n(-3).
2
Let r(p) = 16*p**2 - 90*p + 61. Determine r(6).
97
Let c(q) = -5*q**2 + 181*q - 1044. What is c(7)?
-22
Let d(f) = 219*f - 1955. Give d(9).
16
Let d(c) = -2*c**2 - 40*c - 125. Give d(-4).
3
Let p(w) = -1374*w - 6881. What is p(-5)?
-11
Let g(o) = 63*o + 318. Give g(-5).
3
Let n(a) = -1471*a + 2935. Give n(2).
-7
Let p(c) = 3*c**3 + 127*c**2 - 85*c + 41. Calculate p(-43).
-2
Let l(m) = -6*m**3 - 4*m**2 + 12*m + 33. Calculate l(-4).
305
Let v(q) = 4*q**2 - 136*q - 30. What is v(35)?
110
Let u(i) = 3*i**3 + 9*i**2 - 8*i - 12. Give u(-4).
-28
Let y(u) = -u**3 + 8*u**2 + 11*u. Give y(9).
18
Let y(o) = 175*o + 6486. What is y(-37)?
11
Let f(v) = -485*v + 16015. Determine f(33).
10
Let d(x) = 55*x - 277. Calculate d(6).
53
Let o(m) = 11*m - 672. Calculate o(51).
-111
Let w(j) = -j**3 + 10*j**2 + 69*j - 181. Determine w(14).
1
Let w(a) = 21*a + 688. What is w(-29)?
79
Let x(z) = -3*z**3 + 18*z**2 + 9*z - 32. What is x(6)?
22
Let q(a) = a**3 - 10*a**2 + 10*a - 150. Calculate q(10).
-50
Let y(a) = -2*a**3 + 8*a**2 - 56*a + 300. Give y(5).
-30
Let c(p) = -p**2 + 107*p + 510. Give c(112).
-50
Let s(x) = 30*x + 366. What is s(-14)?
-54
Let o(j) = 131*j**3 - 2*j**2 - 4*j - 2. Give o(-1).
-131
Let k(i) = 22*i - 428. What is k(31)?
254
Let t(f) = -f**2 + 82*f - 1. Determine t(0).
-1
Let j(o) = -o - 15. What is j(-21)?
6
Let i(c) = c**2 - 164*c + 6718. Give i(83).
-5
Let y(j) = 81*j + 1298. Determine y(-17).
-79
Let u(z) = z**2 + 67*z - 349. Determine u(-71).
-65
Let v(j) = 7*j - 24. Give v(4).
4
Let b(x) = 59*x**2 - 154*x + 305. Calculate b(2).
233
Let q(b) = -2*b**3 - 20*b**2 + 45*b + 248. What is q(-11)?
-5
Let r(v) = 2*v**3 + 8*v**2 - 8*v + 6. Calculate r(2).
38
Let z(t) = t**3 + 13*t**2 - 128*t - 19. Calculate z(7).
65
Let i(h) = h**3 - 60*h**2 + 129*h - 756. Calculate i(58).
-2
Let q(w) = w**3 - 12*w**2 - 147*w + 959. Determine q(6).
-139
Let i(k) = -1413*k + 22600. Give i(16).
-8
Let c(f) = 2*f**3 - 255*f**2 + 116*f + 1441. Give c(127).
44
Let s(o) = -10099*o - 20207. Calculate s(-2).
-9
Let b(g) = g**3 - 21*g**2 + 39*g - 380. Calculate b(20).
0
Let z(t) = -t**3 + 4*t**2 + 10*t + 36. Determine z(7).
-41
Let y(r) = 5*r**2 - 432*r + 2559. Determine y(80).
-1
Let y(d) = -36*d - 114. Determine y(-5).
66
Let d(b) = b**3 + 10*b**2 + 17*b - 13. What is d(-8)?
-21
Let k(z) = 11*z**2 + 845*z - 180. Give k(-77).
-26
Let i(u) = 50*u + 691. Determine i(-21).
-359
Let k(u) = -69*u**2 + 553*u - 17. Calculate k(8).
-9
Let m(g) = -3*g**2 + 51*g - 94. Calculate m(19).
-208
Let p(q) = 2*q**3 + 54*q**2 + 52*q + 21. Give p(-26).
21
Let d(u) = -2*u**2 - 34*u - 144. What is d(-7)?
-4
Let b(f) = 15*f**3 + 6*f**2 + f - 7. Give b(1).
15
Let b(o) = 4*o**2 + 64*o + 119. Calculate b(-16).
119
Let a(f) = -7*f - 405. Calculate a(-59).
8
Let p(m) = -15*m**2 - 359*m + 32. What is p(-24)?
8
Let g(n) = 2*n**2 + 776*n - 23301. Determine g(28).
-5
Let p(d) = -2*d**2 - 15*d - 52. Calculate p(-6).
-34
Let l(w) = 47*w**2 + 131*w. Calculate l(-3).
30
Let g(l) = l**3 - 51*l + 5. Give g(-7).
19
Let p(o) = -2*o**2 - 38*o + 740. What is p(-31)?
-4
Let r(l) = -5*l**2 + 595*l - 5440. Calculate r(10).
10
Let q(u) = -93*u - 544. Calculate q(-6).
14
Let c(j) = -3*j**2 + 61*j + 275. What is c(24)?
11
Let f(d) = 2*d**3 + 53*d**2 + 120*d - 24. Give f(-24).
-24
Let l(m) = 4*m + 157. What is l(0)?
157
Let s(u) = -u**2 - 94*u - 2062. Determine s(-59).
3
Let u(g) = 33*g**2 + 667*g + 762. Calculate u(-19).
2
Let n(r) = -6*r**2 + 62*r - 13. Calculate n(10).
7
Let o(f) = 13*f + 250. Determine o(-8).
146
Let v(t) = 17*t**2 - 171*t - 160. Give v(11).
16
Let z(g) = -217*g - 412. Determine z(-4).
456
Let v(u) = -3*u**3 + 198*u**2 + 200*u + 69. Give v(67).
2
Let y(h) = -2*h**2 + 13*h + 122. Give y(-20).
-938
Let a(q) = 22*q - 340. Calculate a(6).
-208
Let f(k) = 470*k + 959. Determine f(-2).
19
Let m(w) = -5475*w + 54749. What is m(10)?
-1
Let p(y) = -123*y + 887. Determine p(9).
-220
Let r(t) = 3*t**3 + 30*t**2 + 28*t + 10. Give r(-9).
1
Let z(i) = i**3 - 65*i**2 + 581*i - 16. Calculate z(11).
-159
Let o(s) = -60*s - 222. Determine o(-12).
498
Let h(x) = -26*x - 660. Calculate h(-25).
-10
Let w(m) = m**2 - 44*m + 205. What is w(5)?
10
Let x(m) = m**3 - 6*m**2 - 45*m + 250. What is x(7)?
-16
Let p(l) = -l**3 + 11*l**2 - 20*l + 26. Calculate p(8).
58
Let l(r) = -r**3 - 4*r**2 + 37*r + 12. Determine l(-9).
84
Let p(g) = g**3 + 16*g**2 + 36*g - 149. Give p(-12).
-5
Let h(w) = -9*w + 134. Determine h(5).
89
Let x(c) = -7*c - 184. Give x(-23).
-23
Let g(q) = 5*q**2 + 26*q - 49. Calculate g(7).
378
Let c(g) = -3*g - 29. Calculate c(-6).
-11
Let i(f) = -f**3 + 59*f**2 + 73*f - 767. Calculate i(60).
13
Let n(k) = k**3 + 3*k**2 - 12*k - 1. Give n(-5).
9
Let j(i) = -1080*i - 8640. Determine j(-8).
0
Let v(k) = 22*k - 4. Give v(8).
172
Let m(h) = h + 4. Determine m(-11).
-7
Let j(z) = -z**2 + 12*z + 55. Give j(-4).
-9
Let z(y) = -281*y + 24387. Determine z(87).
-60
Let y(w) = -w**3 + 106*w**2 - 102*w - 371. Determine y(105).
-56
Let n(f) = -7*f**2 - 81*f - 198. Determine n(-5).
32
Let p(z) = 